
Is 92 a factor of 30754?
False
Does 38 divide 3230?
True
Is 979 a multiple of 11?
True
Is 35 a factor of 735?
True
Does 13 divide 689?
True
Does 37 divide 2516?
True
Is 71 a factor of 5324?
False
Is 1162 a multiple of 57?
False
Does 10 divide 36730?
True
Does 4 divide 163?
False
Is 7 a factor of 102?
False
Is 32 a factor of 64?
True
Is 22 a factor of 242?
True
Does 16 divide 10032?
True
Is 42105 a multiple of 50?
False
Is 9 a factor of 3033?
True
Is 7 a factor of 4613?
True
Is 702 a multiple of 9?
True
Is 66 a factor of 8514?
True
Does 9 divide 60?
False
Is 49 a factor of 4606?
True
Is 33 a factor of 1142?
False
Is 6 a factor of 465?
False
Is 24 a factor of 338?
False
Is 102978 a multiple of 27?
True
Is 8 a factor of 3523?
False
Is 21 a factor of 20412?
True
Is 35 a factor of 28035?
True
Is 24705 a multiple of 183?
True
Does 55 divide 7645?
True
Is 13 a factor of 35906?
True
Is 4 a factor of 72?
True
Does 54 divide 1080?
True
Is 5018 a multiple of 14?
False
Does 15 divide 1740?
True
Is 71 a factor of 30671?
False
Does 5 divide 6438?
False
Is 82 a factor of 10168?
True
Does 17 divide 66829?
False
Does 17 divide 608?
False
Is 47330 a multiple of 10?
True
Is 38 a factor of 31799?
False
Is 11 a factor of 2155?
False
Does 119 divide 39865?
True
Does 9 divide 262?
False
Does 45 divide 765?
True
Is 912 a multiple of 19?
True
Is 61 a multiple of 5?
False
Is 2434 a multiple of 19?
False
Is 29713 a multiple of 4?
False
Is 268 a factor of 76380?
True
Does 14 divide 1884?
False
Is 41 a factor of 22159?
False
Is 13 a factor of 28275?
True
Does 26 divide 17678?
False
Is 16 a factor of 2656?
True
Is 25 a factor of 1150?
True
Is 669 a multiple of 14?
False
Is 9 a factor of 5059?
False
Is 24 a factor of 1328?
False
Is 6510 a multiple of 93?
True
Does 4 divide 214?
False
Is 7 a factor of 153?
False
Does 24 divide 7008?
True
Is 24 a factor of 481?
False
Does 66 divide 4624?
False
Is 114 a factor of 1645?
False
Is 1771 a multiple of 14?
False
Does 13 divide 364?
True
Is 26 a factor of 104?
True
Does 26 divide 150?
False
Is 6579 a multiple of 17?
True
Is 45 a factor of 88020?
True
Is 3 a factor of 890?
False
Is 9 a factor of 2891?
False
Is 579 a multiple of 4?
False
Is 17 a factor of 288?
False
Does 66 divide 3432?
True
Is 2838 a multiple of 5?
False
Does 138 divide 44574?
True
Does 14 divide 231?
False
Does 54 divide 308?
False
Is 64964 a multiple of 218?
True
Is 17 a factor of 2380?
True
Is 335 a multiple of 95?
False
Is 24 a factor of 108583?
False
Is 19 a factor of 10762?
False
Is 20 a factor of 3280?
True
Does 75 divide 221?
False
Is 735 a multiple of 35?
True
Is 748 a multiple of 3?
False
Is 51 a factor of 305?
False
Does 70 divide 2520?
True
Does 10 divide 1210?
True
Is 6890 a multiple of 106?
True
Is 1116 a multiple of 12?
True
Is 208 a factor of 53053?
False
Is 10044 a multiple of 61?
False
Does 10 divide 15440?
True
Is 77 a factor of 3947?
False
Does 5 divide 1272?
False
Is 4 a factor of 1268?
True
Is 3891 a multiple of 8?
False
Is 95 a factor of 48349?
False
Is 26 a factor of 702?
True
Is 12 a factor of 118231?
False
Does 19 divide 2128?
True
Is 16 a factor of 2881?
False
Is 8724 a multiple of 12?
True
Is 65 a factor of 4030?
True
Does 19 divide 3277?
False
Is 18 a factor of 75839?
False
Does 36 divide 1404?
True
Is 266 a multiple of 47?
False
Is 265 a multiple of 53?
True
Is 5 a factor of 1621?
False
Is 16 a factor of 19296?
True
Does 30 divide 1541?
False
Is 244 a factor of 64870?
False
Is 6 a factor of 114?
True
Is 32 a factor of 3082?
False
Is 223 a multiple of 4?
False
Is 1150 a multiple of 23?
True
Is 39 a factor of 1014?
True
Is 16 a factor of 6379?
False
Does 8 divide 512?
True
Is 12 a factor of 1272?
True
Is 10788 a multiple of 116?
True
Is 39 a factor of 61756?
False
Is 46 a multiple of 33?
False
Is 42 a factor of 12936?
True
Is 3074 a multiple of 58?
True
Is 88415 a multiple of 245?
False
Is 10 a factor of 724?
False
Is 16395 a multiple of 156?
False
Is 17550 a multiple of 75?
True
Is 27593 a multiple of 134?
False
Does 13 divide 28522?
True
Is 49 a factor of 26292?
False
Is 17 a factor of 1037?
True
Does 34 divide 3842?
True
Does 61 divide 1455?
False
Does 36 divide 1439?
False
Does 57 divide 34086?
True
Is 3733 a multiple of 19?
False
Is 39606 a multiple of 123?
True
Is 2 a factor of 64?
True
Does 13 divide 182?
True
Is 4700 a multiple of 105?
False
Is 40052 a multiple of 31?
True
Does 38 divide 1729?
False
Is 8229 a multiple of 36?
False
Is 378 a multiple of 21?
True
Does 30 divide 630?
True
Is 1865 a multiple of 5?
True
Is 50 a factor of 2800?
True
Does 28 divide 2644?
False
Does 4 divide 636?
True
Is 2732 a multiple of 22?
False
Is 1000 a multiple of 4?
True
Does 3 divide 202?
False
Is 20945 a multiple of 59?
True
Does 105 divide 525?
True
Is 297 a multiple of 11?
True
Is 8 a factor of 12648?
True
Is 97 a factor of 9477?
False
Is 16 a factor of 208?
True
Is 24 a factor of 31752?
True
Does 34 divide 2210?
True
Is 1295 a multiple of 3?
False
Is 15 a factor of 1320?
True
Is 18 a factor of 1620?
True
Is 5414 a multiple of 22?
False
Does 66 divide 2022?
False
Is 561 a multiple of 17?
True
Is 32 a factor of 896?
True
Is 192 a factor of 5662?
False
Does 18 divide 55691?
False
Does 7 divide 539?
True
Does 24 divide 1296?
True
Does 11 divide 12254?
True
Does 7 divide 567?
True
Does 3 divide 278?
False
Does 248 divide 28701?
False
Is 655 a multiple of 48?
False
Is 13 a factor of 624?
True
Is 12181 a multiple of 12?
False
Is 6 a factor of 261?
False
Is 1126 a multiple of 10?
False
Is 893 a multiple of 19?
True
Is 35900 a multiple of 10?
True
Is 133 a multiple of 17?
False
Is 7 a factor of 280?
True
Is 2800 a multiple of 70?
True
Is 91 a factor of 893?
False
Is 57 a factor of 254?
False
Is 143 a multiple of 13?
True
Is 465 a multiple of 80?
False
Does 27 divide 457?
False
Does 13 divide 559?
True
Does 31 divide 33623?
False
Is 2 a factor of 606?
True
Is 23 a factor of 1633?
True
Is 352 a multiple of 57?
False
Is 22 a factor of 10417?
False
Is 12 a factor of 204?
True
Is 5976 a multiple of 36?
True
Is 24 a factor of 1409?
False
Is 972 a multiple of 36?
True
Is 36 a factor of 1188?
True
Is 2242 a multiple of 19?
True
Is 6336 a multiple of 16?
True
Does 6 divide 186?
True
Is 18765 a multiple of 165?
False
Does 77 divide 11946?
False
Is 12 a factor of 2556?
True
Is 15 a factor of 5610?
True
Does 12 divide 5330?
False
Does 18 divide 269?
False
Is 85 a factor of 12021?
False
Is 38973 a multiple of 33?
True
Is 9592 a multiple of 44?
True
Does 6 divide 21828?
True
Does 4 divide 246?
False
Is 2 a factor of 111?
False
Does 48 divide 66720?
True
Is 24 a factor of 46541?
False
Does 10 divide 1700?
True
Is 7252 a multiple of 148?
True
Is 7804 a multiple of 97?
False
Is 13 a factor of 910?
True
Does 29 divide 1566?
True
Does 4 divide 2664?
True
Does 4 divide 1084?
True
Is 35 a factor of 30170?
True
Is 58276 a multiple of 34?
True
Is 148 a factor of 38628?
True
Is 8 a factor of 12340?
False
Is 1400 a multiple of 5?
True
Is 1674 a multiple of 15?
False
Does 30 divide 160?
False
Does 17 divide 230?
False
Does 67 divide 1045?
False
Is 109 a factor of 3093?
False
Does 32 divide 4312?
False
Is 667 a multiple of 2?
False
Is 23 a factor of 6951?
False
Is 9 a factor of 2572?
False
Is 420 a multiple of 12?
True
Is 97 a factor of 6305?
True
Is 48867 a multiple of 91?
True
Is 429 a multiple of 33?
True
Is 408 a multiple of 17?
True
Is 23 a factor of 3197?
True
Is 19 a factor of 133?
True
Is 3 a factor of 12468?
True
Is 34124 a multiple of 19?
True
Is 92 a factor of 21093?
False
Does 8 divide 32?
True
Is 146000 a multiple of 250?
True
Is 33288 a multiple of 228?
True
Does 16 divide 80?
True
Does 32 divide 670?
False
Is 1419 a multiple of 245?
False
Is 74 a factor of 74148?
True
Is 2450 a multiple of 71?
False
Does 99 divide 7029?
True
Is 51116 a multiple of 52?
True
Does 15 divide 30495?
True
Is 38896 a multiple of 88?
True
Is 62 a factor of 1154?
False
Is 560 a multiple of 35?
True
Does 29 divide 145?
True
Does 19 divide 152?
True
Is 18 a factor of 918?
True
Is 273 even?
False
Is 58 a factor of 406?
True
Is 42 a factor of 13244?
False
Is 858 a multiple of 66?
True
Does 16 divide 26336?
True
Does 115 divide 7296?
False
Is 628 a multiple of 23?
False
Does 51 divide 612?
